{"id":2480,"date":"2024-12-16T16:46:37","date_gmt":"2024-12-16T20:46:37","guid":{"rendered":"https:\/\/ayrami.com\/?page_id=2480"},"modified":"2024-12-17T17:31:47","modified_gmt":"2024-12-17T21:31:47","slug":"politica-de-privacidad","status":"publish","type":"page","link":"https:\/\/ayrami.com\/index.php\/es\/politica-de-privacidad\/","title":{"rendered":"Politica de privacidad"},"content":{"rendered":"\t\t<div data-elementor-type=\"wp-page\" data-elementor-id=\"2480\" class=\"elementor elementor-2480\">\n\t\t\t\t<div class=\"elementor-element elementor-element-8ed25f0 e-flex e-con-boxed e-con e-parent\" data-id=\"8ed25f0\" data-element_type=\"container\" data-settings=\"{&quot;background_background&quot;:&quot;classic&quot;}\">\n\t\t\t\t\t<div class=\"e-con-inner\">\n\t\t<div class=\"elementor-element elementor-element-0880f88 e-con-full e-flex e-con e-child\" data-id=\"0880f88\" data-element_type=\"container\">\n\t\t\t\t<div class=\"elementor-element elementor-element-d320413 e-transform elementor-widget__width-initial elementor-widget elementor-widget-heading\" data-id=\"d320413\" data-element_type=\"widget\" data-settings=\"{&quot;_transform_translateX_effect&quot;:{&quot;unit&quot;:&quot;%&quot;,&quot;size&quot;:0,&quot;sizes&quot;:[]},&quot;_transform_translateX_effect_tablet&quot;:{&quot;unit&quot;:&quot;%&quot;,&quot;size&quot;:&quot;&quot;,&quot;sizes&quot;:[]},&quot;_transform_translateX_effect_mobile&quot;:{&quot;unit&quot;:&quot;%&quot;,&quot;size&quot;:&quot;&quot;,&quot;sizes&quot;:[]},&quot;_transform_translateY_effect&quot;:{&quot;unit&quot;:&quot;px&quot;,&quot;size&quot;:&quot;&quot;,&quot;sizes&quot;:[]},&quot;_transform_translateY_effect_tablet&quot;:{&quot;unit&quot;:&quot;px&quot;,&quot;size&quot;:&quot;&quot;,&quot;sizes&quot;:[]},&quot;_transform_translateY_effect_mobile&quot;:{&quot;unit&quot;:&quot;px&quot;,&quot;size&quot;:&quot;&quot;,&quot;sizes&quot;:[]}}\" data-widget_type=\"heading.default\">\n\t\t\t\t<div class=\"elementor-widget-container\">\n\t\t\t\t\t<h1 class=\"elementor-heading-title elementor-size-default\">Pol\u00edtica de Privacidad<\/h1>\t\t\t\t<\/div>\n\t\t\t\t<\/div>\n\t\t\t\t<div class=\"elementor-element elementor-element-34f4cb8 elementor-widget__width-initial elementor-widget-divider--separator-type-pattern elementor-widget-divider--view-line elementor-widget elementor-widget-divider\" data-id=\"34f4cb8\" data-element_type=\"widget\" data-widget_type=\"divider.default\">\n\t\t\t\t<div class=\"elementor-widget-container\">\n\t\t\t\t\t\t\t<div class=\"elementor-divider\" style=\"--divider-pattern-url: url(&quot;data:image\/svg+xml,%3Csvg xmlns=&#039;http:\/\/www.w3.org\/2000\/svg&#039; preserveAspectRatio=&#039;none&#039; overflow=&#039;visible&#039; height=&#039;100%&#039; viewBox=&#039;0 0 20 16&#039; fill=&#039;none&#039; stroke=&#039;black&#039; stroke-width=&#039;1&#039; stroke-linecap=&#039;square&#039; stroke-miterlimit=&#039;10&#039;%3E%3Cg transform=&#039;translate(-12.000000, 0)&#039;%3E%3Cpath d=&#039;M28,0L10,18&#039;\/%3E%3Cpath d=&#039;M18,0L0,18&#039;\/%3E%3Cpath d=&#039;M48,0L30,18&#039;\/%3E%3Cpath d=&#039;M38,0L20,18&#039;\/%3E%3C\/g%3E%3C\/svg%3E&quot;);\">\n\t\t\t<span class=\"elementor-divider-separator\">\n\t\t\t\t\t\t<\/span>\n\t\t<\/div>\n\t\t\t\t\t\t<\/div>\n\t\t\t\t<\/div>\n\t\t\t\t<div class=\"elementor-element elementor-element-3f68b91 elementor-widget__width-initial e-transform elementor-widget elementor-widget-text-editor\" data-id=\"3f68b91\" data-element_type=\"widget\" data-settings=\"{&quot;_transform_translateX_effect&quot;:{&quot;unit&quot;:&quot;%&quot;,&quot;size&quot;:0,&quot;sizes&quot;:[]},&quot;_transform_translateX_effect_tablet&quot;:{&quot;unit&quot;:&quot;%&quot;,&quot;size&quot;:&quot;&quot;,&quot;sizes&quot;:[]},&quot;_transform_translateX_effect_mobile&quot;:{&quot;unit&quot;:&quot;%&quot;,&quot;size&quot;:&quot;&quot;,&quot;sizes&quot;:[]},&quot;_transform_translateY_effect&quot;:{&quot;unit&quot;:&quot;px&quot;,&quot;size&quot;:&quot;&quot;,&quot;sizes&quot;:[]},&quot;_transform_translateY_effect_tablet&quot;:{&quot;unit&quot;:&quot;px&quot;,&quot;size&quot;:&quot;&quot;,&quot;sizes&quot;:[]},&quot;_transform_translateY_effect_mobile&quot;:{&quot;unit&quot;:&quot;px&quot;,&quot;size&quot;:&quot;&quot;,&quot;sizes&quot;:[]}}\" data-widget_type=\"text-editor.default\">\n\t\t\t\t<div class=\"elementor-widget-container\">\n\t\t\t\t\t\t\t\t\t<p><b>Fecha de entrada en vigor:<\/b> diciembre de 2024<\/p><p>En<a href=\"https:\/\/ayrami.com\/\"> ayrami.com<\/a>, <span class=\"HwtZe\" lang=\"es\"><span class=\"jCAhz ChMk0b\"><span class=\"ryNqvb\">proteger la privacidad de nuestros visitantes es de suma importancia.<\/span><\/span> <span class=\"jCAhz ChMk0b\"><span class=\"ryNqvb\">Esta Pol\u00edtica de Privacidad describe los tipos de informaci\u00f3n personal que recopilamos y c\u00f3mo la utilizamos.<\/span><\/span><\/span><\/p><hr \/><p><b><span class=\"HwtZe\" lang=\"es\"><span class=\"jCAhz ChMk0b\"><span class=\"ryNqvb\">Responsable del tratamiento de datos<\/span><\/span><\/span><\/b><\/p><p><b>K\u00fcstenkultur GbR<\/b><b><br \/><\/b>Zum Bornkoppelweg 41<br \/>18184 Roggentin, Deutschland<br \/>info@kuestenkultur.com<\/p><hr \/><p><b>Datos Recopilados<\/b><\/p><ol><li aria-level=\"1\"><b>Datos Personales Proporcionados Voluntariamente:<\/b> Recopilamos informaci\u00f3n que usted nos proporciona de manera voluntaria al ponerse en contacto con nosotros a trav\u00e9s de correo electr\u00f3nico o aplicaciones de mensajer\u00eda como WhatsApp. Esta informaci\u00f3n puede incluir su nombre, direcci\u00f3n de correo electr\u00f3nico, n\u00famero de tel\u00e9fono y cualquier otro dato que decida compartir.<\/li><li><b>Datos Recopilados Autom\u00e1ticamente:<\/b> Nuestro sitio web puede recopilar autom\u00e1ticamente cierta informaci\u00f3n sobre los visitantes, como la direcci\u00f3n IP, tipo de navegador, p\u00e1ginas visitadas, fecha y hora de acceso, y sistema operativo.<\/li><\/ol><hr \/><p><b> Uso de Cookies<\/b><\/p><p>Utilizamos cookies para mejorar la experiencia del usuario en nuestro sitio web. Las cookies necesarias y funcionales se utilizan para garantizar el correcto funcionamiento del sitio y mejorar su usabilidad. Las cookies de YouTube, utilizadas para mostrar contenido multimedia, tambi\u00e9n est\u00e1n presentes. La vigencia de estas cookies se informa en el Banner de Consentimiento de Cookies. Enlaces a plataformas de terceros como WhatsApp o Instagram pueden dirigirle a sus respectivos sitios, los cuales pueden utilizar sus propias cookies; le recomendamos revisar sus pol\u00edticas de privacidad para m\u00e1s informaci\u00f3n.<\/p><hr \/><p><strong><span class=\"HwtZe\" lang=\"es\"><span class=\"jCAhz ChMk0b\"><span class=\"ryNqvb\">Botones y enlaces a plataformas de terceros<\/span><\/span><\/span><\/strong><\/p><p><span class=\"HwtZe\" lang=\"es\"><span class=\"jCAhz ChMk0b\"><span class=\"ryNqvb\">Nuestro sitio web contiene botones y enlaces que le redirigen a plataformas como Instagram o WhatsApp. Cuando se carga la p\u00e1gina que contiene estos botones, cierta informaci\u00f3n (como su direcci\u00f3n IP o informaci\u00f3n del navegador) puede transmitirse a estos terceros, incluso si usted no interact\u00faa directamente con los botones.<\/span><\/span><\/span><\/p><p><span class=\"HwtZe\" lang=\"es\"><span class=\"jCAhz ChMk0b\"><span class=\"ryNqvb\">Una vez que haga clic en estos botones, todo procesamiento de datos adicional estar\u00e1 sujeto a las respectivas pol\u00edticas de protecci\u00f3n de datos de estas plataformas.<\/span><\/span> <span class=\"jCAhz ChMk0b\"><span class=\"ryNqvb\">Le recomendamos leer las declaraciones de protecci\u00f3n de datos pertinentes:<\/span><\/span><\/span><\/p><ul><li><a href=\"https:\/\/privacycenter.instagram.com\/policy\" target=\"_new\" rel=\"noopener\">Pol\u00edtica de privacidad de Instagram<\/a><\/li><li><a href=\"https:\/\/privacycenter.instagram.com\/policy\" target=\"_new\" rel=\"noopener\">Pol\u00edtica de privacidad de <\/a><a href=\"https:\/\/www.whatsapp.com\/legal\/privacy-policy\">WhatsApp<\/a><\/li><\/ul><hr \/><p><span class=\"HwtZe\" lang=\"es\"><span class=\"jCAhz ChMk0b C1N51c\"><span class=\"ryNqvb\"><strong>Base legal para el procesamiento de datos<\/strong> <\/span><\/span><\/span><\/p><p>Tratamos sus datos personales bas\u00e1ndonos en su consentimiento, que usted otorga al ponerse en contacto con nosotros o al utilizar nuestro sitio web, y en nuestro inter\u00e9s leg\u00edtimo de responder a sus consultas y proporcionarle informaci\u00f3n sobre nuestros servicios.<\/p><hr \/><p><b>Uso de la Informaci\u00f3n<\/b><\/p><p>La informaci\u00f3n que recopilamos se utiliza para:<\/p><ul><li aria-level=\"1\">Responder a sus consultas y comunicaciones.<\/li><li aria-level=\"1\">Proporcionarle informaci\u00f3n sobre nuestros servicios y actividades art\u00edsticas.<\/li><li>Mejorar nuestro sitio web y la experiencia del usuario.<\/li><\/ul><hr \/><p><b> Transferencia de Datos a Terceros<\/b><\/p><p>No compartimos sus datos personales con terceros, excepto cuando sea necesario para cumplir con obligaciones legales o para proteger nuestros derechos. Nuestro sitio web est\u00e1 alojado en Hostinger, lo que implica que los datos pueden ser almacenados en servidores ubicados fuera del Espacio Econ\u00f3mico Europeo (EEE). Hostinger implementa medidas de seguridad adecuadas para proteger sus datos; sin embargo, le recomendamos revisar su pol\u00edtica de privacidad para m\u00e1s detalles.<\/p><hr \/><p><b>Per\u00edodos de Retenci\u00f3n de Datos<\/b><\/p><p>Conservamos sus datos personales \u00fanicamente durante el tiempo necesario para cumplir con los fines para los cuales fueron recopilados. Los datos obtenidos a trav\u00e9s de correo electr\u00f3nico o WhatsApp se conservar\u00e1n mientras sea necesario para responder a sus consultas, proporcionarle informaci\u00f3n y ofrecerle nuestros servicios art\u00edsticos.<\/p><hr \/><p><b> Derechos de los Usuarios<\/b><\/p><p>Usted tiene derecho a:<\/p><ul><li aria-level=\"1\">Acceder a sus datos personales.<\/li><li aria-level=\"1\">Rectificar datos inexactos o incompletos.<\/li><li aria-level=\"1\">Solicitar la eliminaci\u00f3n de sus datos cuando ya no sean necesarios para los fines recogidos.<\/li><li aria-level=\"1\">Limitar el tratamiento de sus datos en determinadas circunstancias.<\/li><li aria-level=\"1\">Solicitar la portabilidad de sus datos a otro responsable.<\/li><li aria-level=\"1\">Oponerse al tratamiento de sus datos por motivos relacionados con su situaci\u00f3n particular.<\/li><\/ul><p>Para ejercer estos derechos, puede ponerse en contacto con nosotros a trav\u00e9s del correo electr\u00f3nico proporcionado en nuestro sitio web. Responderemos a su solicitud en un plazo m\u00e1ximo de un mes, prorrogable en dos meses en casos complejos, conforme al RGPD.<\/p><hr \/><p><b>Medidas de Seguridad<\/b><\/p><p>Implementamos medidas t\u00e9cnicas y organizativas adecuadas para proteger sus datos personales contra p\u00e9rdida, uso indebido y acceso no autorizado. Nuestro sitio web utiliza conexiones seguras (HTTPS) para garantizar la seguridad de la informaci\u00f3n transmitida.<\/p><hr \/><p><b>Actualizaciones de la Pol\u00edtica de Privacidad<\/b><\/p><p>Esta pol\u00edtica de privacidad puede ser actualizada peri\u00f3dicamente para reflejar cambios en nuestras pr\u00e1cticas de informaci\u00f3n. Le notificaremos sobre cualquier cambio publicando la nueva pol\u00edtica en esta p\u00e1gina con una nueva fecha de entrada en vigor.<\/p><p>Si tiene alguna pregunta o inquietud sobre nuestra pol\u00edtica de privacidad, no dude en ponerse en contacto con nosotros a trav\u00e9s de los medios proporcionados en nuestro sitio web.<\/p>\t\t\t\t\t\t\t\t<\/div>\n\t\t\t\t<\/div>\n\t\t\t\t<\/div>\n\t\t\t\t\t<\/div>\n\t\t\t\t<\/div>\n\t\t\t\t<\/div>\n\t\t","protected":false},"excerpt":{"rendered":"<p>Pol\u00edtica de Privacidad Fecha de entrada en vigor: diciembre de 2024 En ayrami.com, proteger la privacidad de nuestros visitantes es de suma importancia. Esta Pol\u00edtica de Privacidad describe los tipos de informaci\u00f3n personal que recopilamos y c\u00f3mo la utilizamos. Responsable del tratamiento de datos K\u00fcstenkultur GbRZum Bornkoppelweg 4118184 Roggentin, Deutschlandinfo@kuestenkultur.com Datos Recopilados Datos Personales Proporcionados &#8230; <a title=\"Politica de privacidad\" class=\"read-more\" href=\"https:\/\/ayrami.com\/index.php\/es\/politica-de-privacidad\/\" aria-label=\"Leer m\u00e1s sobre Politica de privacidad\">Leer m\u00e1s<\/a><\/p>\n","protected":false},"author":1,"featured_media":0,"parent":0,"menu_order":0,"comment_status":"closed","ping_status":"closed","template":"","meta":{"footnotes":""},"yoast_head":"<!-- This site is optimized with the Yoast SEO plugin v23.5 - https:\/\/yoast.com\/wordpress\/plugins\/seo\/ -->\n<title>Politica de privacidad - Ayrami<\/title>\n<meta name=\"robots\" content=\"index, follow, max-snippet:-1, max-image-preview:large, max-video-preview:-1\" \/>\n<link rel=\"canonical\" href=\"https:\/\/ayrami.com\/index.php\/es\/politica-de-privacidad\/\" \/>\n<meta property=\"og:locale\" content=\"es_ES\" \/>\n<meta property=\"og:type\" content=\"article\" \/>\n<meta property=\"og:title\" content=\"Politica de privacidad - Ayrami\" \/>\n<meta property=\"og:description\" content=\"Pol\u00edtica de Privacidad Fecha de entrada en vigor: diciembre de 2024 En ayrami.com, proteger la privacidad de nuestros visitantes es de suma importancia. Esta Pol\u00edtica de Privacidad describe los tipos de informaci\u00f3n personal que recopilamos y c\u00f3mo la utilizamos. Responsable del tratamiento de datos K\u00fcstenkultur GbRZum Bornkoppelweg 4118184 Roggentin, Deutschlandinfo@kuestenkultur.com Datos Recopilados Datos Personales Proporcionados ... Leer m\u00e1s\" \/>\n<meta property=\"og:url\" content=\"https:\/\/ayrami.com\/index.php\/es\/politica-de-privacidad\/\" \/>\n<meta property=\"og:site_name\" content=\"Ayrami\" \/>\n<meta property=\"article:modified_time\" content=\"2024-12-17T21:31:47+00:00\" \/>\n<meta name=\"twitter:card\" content=\"summary_large_image\" \/>\n<meta name=\"twitter:label1\" content=\"Tiempo de lectura\" \/>\n\t<meta name=\"twitter:data1\" content=\"4 minutos\" \/>\n<script type=\"application\/ld+json\" class=\"yoast-schema-graph\">{\"@context\":\"https:\/\/schema.org\",\"@graph\":[{\"@type\":\"WebPage\",\"@id\":\"https:\/\/ayrami.com\/index.php\/es\/politica-de-privacidad\/\",\"url\":\"https:\/\/ayrami.com\/index.php\/es\/politica-de-privacidad\/\",\"name\":\"Politica de privacidad - Ayrami\",\"isPartOf\":{\"@id\":\"https:\/\/ayrami.com\/#website\"},\"datePublished\":\"2024-12-16T20:46:37+00:00\",\"dateModified\":\"2024-12-17T21:31:47+00:00\",\"breadcrumb\":{\"@id\":\"https:\/\/ayrami.com\/index.php\/es\/politica-de-privacidad\/#breadcrumb\"},\"inLanguage\":\"es\",\"potentialAction\":[{\"@type\":\"ReadAction\",\"target\":[\"https:\/\/ayrami.com\/index.php\/es\/politica-de-privacidad\/\"]}]},{\"@type\":\"BreadcrumbList\",\"@id\":\"https:\/\/ayrami.com\/index.php\/es\/politica-de-privacidad\/#breadcrumb\",\"itemListElement\":[{\"@type\":\"ListItem\",\"position\":1,\"name\":\"Inicio\",\"item\":\"https:\/\/ayrami.com\/\"},{\"@type\":\"ListItem\",\"position\":2,\"name\":\"Politica de privacidad\"}]},{\"@type\":\"WebSite\",\"@id\":\"https:\/\/ayrami.com\/#website\",\"url\":\"https:\/\/ayrami.com\/\",\"name\":\"Ayrami\",\"description\":\"Artista multidisciplinaria\",\"publisher\":{\"@id\":\"https:\/\/ayrami.com\/#organization\"},\"potentialAction\":[{\"@type\":\"SearchAction\",\"target\":{\"@type\":\"EntryPoint\",\"urlTemplate\":\"https:\/\/ayrami.com\/?s={search_term_string}\"},\"query-input\":{\"@type\":\"PropertyValueSpecification\",\"valueRequired\":true,\"valueName\":\"search_term_string\"}}],\"inLanguage\":\"es\"},{\"@type\":\"Organization\",\"@id\":\"https:\/\/ayrami.com\/#organization\",\"name\":\"Ayrami\",\"url\":\"https:\/\/ayrami.com\/\",\"logo\":{\"@type\":\"ImageObject\",\"inLanguage\":\"es\",\"@id\":\"https:\/\/ayrami.com\/#\/schema\/logo\/image\/\",\"url\":\"https:\/\/ayrami.com\/wp-content\/uploads\/2024\/08\/Ayrami-logo-blanco.svg\",\"contentUrl\":\"https:\/\/ayrami.com\/wp-content\/uploads\/2024\/08\/Ayrami-logo-blanco.svg\",\"width\":505,\"height\":164,\"caption\":\"Ayrami\"},\"image\":{\"@id\":\"https:\/\/ayrami.com\/#\/schema\/logo\/image\/\"}}]}<\/script>\n<!-- \/ Yoast SEO plugin. -->","yoast_head_json":{"title":"Politica de privacidad - Ayrami","robots":{"index":"index","follow":"follow","max-snippet":"max-snippet:-1","max-image-preview":"max-image-preview:large","max-video-preview":"max-video-preview:-1"},"canonical":"https:\/\/ayrami.com\/index.php\/es\/politica-de-privacidad\/","og_locale":"es_ES","og_type":"article","og_title":"Politica de privacidad - Ayrami","og_description":"Pol\u00edtica de Privacidad Fecha de entrada en vigor: diciembre de 2024 En ayrami.com, proteger la privacidad de nuestros visitantes es de suma importancia. Esta Pol\u00edtica de Privacidad describe los tipos de informaci\u00f3n personal que recopilamos y c\u00f3mo la utilizamos. Responsable del tratamiento de datos K\u00fcstenkultur GbRZum Bornkoppelweg 4118184 Roggentin, Deutschlandinfo@kuestenkultur.com Datos Recopilados Datos Personales Proporcionados ... Leer m\u00e1s","og_url":"https:\/\/ayrami.com\/index.php\/es\/politica-de-privacidad\/","og_site_name":"Ayrami","article_modified_time":"2024-12-17T21:31:47+00:00","twitter_card":"summary_large_image","twitter_misc":{"Tiempo de lectura":"4 minutos"},"schema":{"@context":"https:\/\/schema.org","@graph":[{"@type":"WebPage","@id":"https:\/\/ayrami.com\/index.php\/es\/politica-de-privacidad\/","url":"https:\/\/ayrami.com\/index.php\/es\/politica-de-privacidad\/","name":"Politica de privacidad - Ayrami","isPartOf":{"@id":"https:\/\/ayrami.com\/#website"},"datePublished":"2024-12-16T20:46:37+00:00","dateModified":"2024-12-17T21:31:47+00:00","breadcrumb":{"@id":"https:\/\/ayrami.com\/index.php\/es\/politica-de-privacidad\/#breadcrumb"},"inLanguage":"es","potentialAction":[{"@type":"ReadAction","target":["https:\/\/ayrami.com\/index.php\/es\/politica-de-privacidad\/"]}]},{"@type":"BreadcrumbList","@id":"https:\/\/ayrami.com\/index.php\/es\/politica-de-privacidad\/#breadcrumb","itemListElement":[{"@type":"ListItem","position":1,"name":"Inicio","item":"https:\/\/ayrami.com\/"},{"@type":"ListItem","position":2,"name":"Politica de privacidad"}]},{"@type":"WebSite","@id":"https:\/\/ayrami.com\/#website","url":"https:\/\/ayrami.com\/","name":"Ayrami","description":"Artista multidisciplinaria","publisher":{"@id":"https:\/\/ayrami.com\/#organization"},"potentialAction":[{"@type":"SearchAction","target":{"@type":"EntryPoint","urlTemplate":"https:\/\/ayrami.com\/?s={search_term_string}"},"query-input":{"@type":"PropertyValueSpecification","valueRequired":true,"valueName":"search_term_string"}}],"inLanguage":"es"},{"@type":"Organization","@id":"https:\/\/ayrami.com\/#organization","name":"Ayrami","url":"https:\/\/ayrami.com\/","logo":{"@type":"ImageObject","inLanguage":"es","@id":"https:\/\/ayrami.com\/#\/schema\/logo\/image\/","url":"https:\/\/ayrami.com\/wp-content\/uploads\/2024\/08\/Ayrami-logo-blanco.svg","contentUrl":"https:\/\/ayrami.com\/wp-content\/uploads\/2024\/08\/Ayrami-logo-blanco.svg","width":505,"height":164,"caption":"Ayrami"},"image":{"@id":"https:\/\/ayrami.com\/#\/schema\/logo\/image\/"}}]}},"_links":{"self":[{"href":"https:\/\/ayrami.com\/index.php\/wp-json\/wp\/v2\/pages\/2480"}],"collection":[{"href":"https:\/\/ayrami.com\/index.php\/wp-json\/wp\/v2\/pages"}],"about":[{"href":"https:\/\/ayrami.com\/index.php\/wp-json\/wp\/v2\/types\/page"}],"author":[{"embeddable":true,"href":"https:\/\/ayrami.com\/index.php\/wp-json\/wp\/v2\/users\/1"}],"replies":[{"embeddable":true,"href":"https:\/\/ayrami.com\/index.php\/wp-json\/wp\/v2\/comments?post=2480"}],"version-history":[{"count":22,"href":"https:\/\/ayrami.com\/index.php\/wp-json\/wp\/v2\/pages\/2480\/revisions"}],"predecessor-version":[{"id":2613,"href":"https:\/\/ayrami.com\/index.php\/wp-json\/wp\/v2\/pages\/2480\/revisions\/2613"}],"wp:attachment":[{"href":"https:\/\/ayrami.com\/index.php\/wp-json\/wp\/v2\/media?parent=2480"}],"curies":[{"name":"wp","href":"https:\/\/api.w.org\/{rel}","templated":true}]}}